{"id":3259,"date":"2023-11-07T11:07:01","date_gmt":"2023-11-07T10:07:01","guid":{"rendered":"https:\/\/www.kmws.de\/sauerland\/?page_id=3259"},"modified":"2023-11-23T10:41:08","modified_gmt":"2023-11-23T09:41:08","slug":"sponsoren-2023","status":"publish","type":"page","link":"https:\/\/www.kmws.de\/sauerland\/sponsoren-2023","title":{"rendered":"Sponsoren 2023"},"content":{"rendered":"<p><span class=\"s1\"><b>Wir bedanken uns bei folgenden Verlagen, Vertriebspartnern, Versendern, die den Spieletreff 2023 mit ihren Neuheiten so gro\u00dfz\u00fcgig unterst\u00fctzt haben:<\/b><\/span><\/p>\n<ul>\n<li>2F-Spiele<\/li>\n<li>Abacusspiele<\/li>\n<li>Alderac Entertainment Group (AEG)<\/li>\n<li>Alion Games<\/li>\n<li>Amigo Spiel + Freizeit GmbH<\/li>\n<li>Arcane Wonders<\/li>\n<li>Ares Games<\/li>\n<li>Ars Ludi<\/li>\n<li>Asmodee<\/li>\n<li>Azao Games<\/li>\n<li>Big Fun Games<\/li>\n<li>Blue Piper<\/li>\n<li>Bored Games<\/li>\n<li>CGE<\/li>\n<li>Crimson Company<\/li>\n<li>Da\u017ebog Games<\/li>\n<li>Deep Print Games<\/li>\n<li>Dice Tree games<\/li>\n<li>DM Giochi SRLS<\/li>\n<li>Douc in Danger<\/li>\n<li>Fower Games<\/li>\n<li>Franjos Spieleverlag<\/li>\n<li>frechverlag<\/li>\n<li>Fryxgames<\/li>\n<li>Gameplay Publishing<\/li>\n<li>Geek Attitude Games<\/li>\n<li>Goliath<\/li>\n<li>Granna<\/li>\n<li>Hans im Gl\u00fcck<\/li>\n<li>HCM Kinzel<\/li>\n<li>HeidelB\u00c4R Games<\/li>\n<li>High Noon Game<\/li>\n<li>Homosapiens Lab<\/li>\n<li>Horrible Guild<\/li>\n<li>Hutter Trade GmbH + Co KG<\/li>\n<li>Iconiq Studios<\/li>\n<li>Kampfhummel Spiele<\/li>\n<li>Kosmos<\/li>\n<li>Lilai Lilai<\/li>\n<li>Little Rocket Games<\/li>\n<li>Lookout Games<\/li>\n<li>Ludically<\/li>\n<li>moses.<\/li>\n<li>Nerdlab<\/li>\n<li>Nice Game Publishing<\/li>\n<li>Noris Spiele (Simba)<\/li>\n<li>nsv<\/li>\n<li>Pandasaurus Games<\/li>\n<li>PD Verlag<\/li>\n<li>Peacock Tabletops<\/li>\n<li>Pegasus<\/li>\n<li>Piatnik<\/li>\n<li>Pika Games<\/li>\n<li>Plotmaker Games<\/li>\n<li>Quirky Quarks<\/li>\n<li>Ravensburger<\/li>\n<li>Repos Production<\/li>\n<li>ReRoll Works<\/li>\n<li>Roovi<\/li>\n<li>Schmidt Spiele GmbH<\/li>\n<li>Sneaky Snakes Cards<\/li>\n<li>Space Cow<\/li>\n<li>Space Cowboys<\/li>\n<li>Spielefaible<\/li>\n<li>Spielgilde<\/li>\n<li>Strohmann Games<\/li>\n<li>Sylex Edition<\/li>\n<li>The Game Builders<\/li>\n<li>Think Fun<\/li>\n<li>Trefl<\/li>\n<li>TWOPLUS Games<\/li>\n<li>Zoch (Simba)<\/li>\n<\/ul>\n","protected":false},"excerpt":{"rendered":"<p>Wir bedanken uns bei folgenden Verlagen, Vertriebspartnern, Versendern, die den Spieletreff 2023 mit ihren Neuheiten so gro\u00dfz\u00fcgig unterst\u00fctzt haben: 2F-Spiele Abacusspiele Alderac Entertainment Group (AEG) Alion Games Amigo Spiel + Freizeit GmbH Arcane Wonders Ares Games Ars Ludi Asmodee Azao &hellip; <a href=\"https:\/\/www.kmws.de\/sauerland\/sponsoren-2023\">Weiterlesen <span class=\"meta-nav\">&rarr;<\/span><\/a><\/p>\n","protected":false},"author":1,"featured_media":0,"parent":0,"menu_order":0,"comment_status":"closed","ping_status":"closed","template":"","meta":{"ngg_post_thumbnail":0,"footnotes":""},"_links":{"self":[{"href":"https:\/\/www.kmws.de\/sauerland\/wp-json\/wp\/v2\/pages\/3259"}],"collection":[{"href":"https:\/\/www.kmws.de\/sauerland\/wp-json\/wp\/v2\/pages"}],"about":[{"href":"https:\/\/www.kmws.de\/sauerland\/wp-json\/wp\/v2\/types\/page"}],"author":[{"embeddable":true,"href":"https:\/\/www.kmws.de\/sauerland\/wp-json\/wp\/v2\/users\/1"}],"replies":[{"embeddable":true,"href":"https:\/\/www.kmws.de\/sauerland\/wp-json\/wp\/v2\/comments?post=3259"}],"version-history":[{"count":13,"href":"https:\/\/www.kmws.de\/sauerland\/wp-json\/wp\/v2\/pages\/3259\/revisions"}],"predecessor-version":[{"id":3320,"href":"https:\/\/www.kmws.de\/sauerland\/wp-json\/wp\/v2\/pages\/3259\/revisions\/3320"}],"wp:attachment":[{"href":"https:\/\/www.kmws.de\/sauerland\/wp-json\/wp\/v2\/media?parent=3259"}],"curies":[{"name":"wp","href":"https:\/\/api.w.org\/{rel}","templated":true}]}}