{"id":8,"date":"2015-10-16T08:43:30","date_gmt":"2015-10-16T06:43:30","guid":{"rendered":"http:\/\/www.kmws.de\/sauerland\/?page_id=8"},"modified":"2025-11-22T17:04:30","modified_gmt":"2025-11-22T16:04:30","slug":"termine-und-preise","status":"publish","type":"page","link":"http:\/\/www.kmws.de\/sauerland\/termine-und-preise","title":{"rendered":"Termine und Preise"},"content":{"rendered":"<p>Der <b>41. Spieletreff <\/b>findet vom 13. bis 22. November 2026 statt, also wie immer von Freitag bis zum \u00fcbern\u00e4chsten Sonntag. Nat\u00fcrlich k\u00f6nnen Sie auch k\u00fcrzere Zeitr\u00e4ume buchen &#8211; oder fr\u00fcher an- und sp\u00e4ter abreisen, wenn Sie m\u00f6chten.<\/p>\n<p>Am Anreisetag k\u00f6nnen Sie Ihr Zimmer <b>erst ab 15 Uhr<\/b> beziehen. Falls Sie schon vorher anreisen wollen, bedenken Sie bitte, dass das Hotel oft von anderen Reiseveranstaltern oder -gruppen (Kegelclubs, Vereine etc.) belegt ist. Der Spielefundus steht <b>fr\u00fchestens<\/b> am 13.11. zur Verf\u00fcgung.<\/p>\n<table border=\"0\" width=\"80%\" cellspacing=\"0\" cellpadding=\"2\">\n<tbody>\n<tr bgcolor=\"#cccccc\">\n<td class=\"headercell\" align=\"left\" valign=\"top\"><b>Aufenthaltsdauer<\/b><\/td>\n<td class=\"headercell\" align=\"left\" valign=\"top\"><b>Preis pro Person<\/b><\/td>\n<\/tr>\n<tr bgcolor=\"#EEEEEE\">\n<td class=\"standardcell\" align=\"left\" valign=\"top\"><b>2 N\u00e4chte Arrangement <\/b>z.B. Freitag bis Sonntag<\/td>\n<td class=\"standardcell\" align=\"left\" valign=\"top\"><b>EUR 240,00<\/b> <i>(EUR 120 pro Person\/Nacht)<\/i><\/td>\n<\/tr>\n<tr bgcolor=\"#ffffff\">\n<td class=\"standardcell\" align=\"left\" valign=\"top\"><b>3 N\u00e4chte Arrangement <\/b>z.B. Donnerstag bis Sonntag<\/td>\n<td class=\"standardcell\" align=\"left\" valign=\"top\"><b>EUR 339,00<\/b> <i>(EUR 113 pro Person\/Nacht)<\/i><\/td>\n<\/tr>\n<tr bgcolor=\"#EEEEEE\">\n<td class=\"standardcell\" align=\"left\" valign=\"top\"><b>4 N\u00e4chte Arrangement <\/b>z.B. Mittwoch bis Sonntag<\/td>\n<td class=\"standardcell\" align=\"left\" valign=\"top\"><b>EUR 428,00<\/b> <i>(EUR 107 pro Person\/Nacht)<\/i><\/td>\n<\/tr>\n<tr bgcolor=\"#ffffff\">\n<td class=\"standardcell\" align=\"left\" valign=\"top\"><b>5 N\u00e4chte Arrangement <\/b>z.B. Dienstag bis Sonntag<\/td>\n<td class=\"standardcell\" align=\"left\" valign=\"top\"><b>EUR 510,00<\/b> <i>(EUR 102 pro Person\/Nacht)<\/i><\/td>\n<\/tr>\n<tr bgcolor=\"#EEEEEE\">\n<td class=\"standardcell\" align=\"left\" valign=\"top\"><b>6 N\u00e4chte Arrangement <\/b>z.B. Montag bis Sonntag<\/td>\n<td class=\"standardcell\" align=\"left\" valign=\"top\"><b>EUR 600,00<\/b> <i>(EUR 100 pro Person\/Nacht)<\/i><\/td>\n<\/tr>\n<tr bgcolor=\"#ffffff\">\n<td class=\"standardcell\" align=\"left\" valign=\"top\"><b>7 N\u00e4chte Arrangement <\/b>z.B. Sonntag bis Sonntag<\/td>\n<td class=\"standardcell\" align=\"left\" valign=\"top\"><b>EUR 686,00<\/b> <i><i>(EUR 98 <\/i><\/i><i>pro Person\/Nacht)<\/i><\/td>\n<\/tr>\n<tr bgcolor=\"#EEEEEE\">\n<td class=\"standardcell\" align=\"left\" valign=\"top\"><b>8 N\u00e4chte Arrangement <\/b>z.B. 1. Freitag bis 2. Samstag<\/td>\n<td class=\"standardcell\" align=\"left\" valign=\"top\"><b>EUR 768,00<\/b> <i>(EUR 96 pro Person\/Nacht)<\/i><\/td>\n<\/tr>\n<tr bgcolor=\"#ffffff\">\n<td class=\"standardcell\" align=\"left\" valign=\"top\"><b>9 N\u00e4chte Arrangement <\/b>z.B. 1. Freitag bis 2. Sonntag<\/td>\n<td class=\"standardcell\" align=\"left\" valign=\"top\"><b>EUR 846,00<\/b> <i>(EUR 94 pro Person\/Nacht)<\/i><\/td>\n<\/tr>\n<\/tbody>\n<\/table>\n<p><strong>Einzelzimmerzuschlag: 25 EUR pro Person und Nacht.<\/strong><br \/>\nKinder 7-12 Jahre: 50% Erm\u00e4\u00dfigung, Kinder 0-6 Jahre: 100% Erm\u00e4\u00dfigung.<\/p>\n<p><strong>Das Leistungspaket:<\/strong><\/p>\n<ul>\n<li>2 bis 9 x \u00dcbernachtung im komfortablen Hotelzimmer<\/li>\n<li>2 bis 9 x reichhaltiges Fr\u00fchst\u00fccksbuffet<\/li>\n<li>2 bis 9 x Abendessen vom Auswahlbuffet<\/li>\n<li>Spielausleihe<\/li>\n<li>freie Nutzung der Bade- &amp; Entspannungsoase mit Indoorpool, finnischer Sauna, Dampf- und R\u00f6merbad<\/li>\n<\/ul>\n<p><strong><a href=\"http:\/\/www.kmws.de\/sauerland\/wp-content\/uploads\/2025\/11\/Anmeldebogen-2026.pdf\" target=\"_blank\" rel=\"noopener\">Hier<\/a><\/strong> finden Sie einen <strong><a href=\"http:\/\/www.kmws.de\/sauerland\/wp-content\/uploads\/2025\/11\/Anmeldebogen-2026.pdf\" target=\"_blank\" rel=\"noopener\">Anmeldebogen als PDF<\/a><\/strong> zum Download.<\/p>\n<p><strong>Sie erhalten vom Hotel eine Reservierungsbest\u00e4tigung und wir bitten Sie, diese unterzeichnete Best\u00e4tigung an das Hotel zur\u00fcck zu senden.<\/strong><\/p>\n<p><strong>Erst nach schriftlicher R\u00fcckbest\u00e4tigung wird der Beherbungsvertrag rechtswirksam. Alle Reservierungen ohne R\u00fcckbest\u00e4tigung werden am 01.05.2026 in den freien Verkauf zur\u00fcckgegeben.<\/strong><\/p>\n<p><strong>H+&nbsp;Hotel Willingen<a href=\"http:\/\/www.kmws.de\/sauerland\/wp-content\/uploads\/2016\/04\/lageplanspieletreff2.gif\"><img loading=\"lazy\" decoding=\"async\" class=\"size-full wp-image-455 alignright\" src=\"http:\/\/www.kmws.de\/sauerland\/wp-content\/uploads\/2016\/04\/lageplanspieletreff2.gif\" alt=\"lageplanspieletreff2\" width=\"300\" height=\"300\" data-id=\"455\"><\/a><\/strong><br \/>\n<strong> &#8222;SpieleTREFF&#8220;<\/strong><br \/>\n<strong> Am Schneppelnberg 9-13<\/strong><br \/>\n<strong> D-34508 Willingen-Usseln<\/strong><\/p>\n<p>Nadine Gaertig<br \/>\nTel.: +49 (0) 5632-31-411<br \/>\nFax: +49 (0) 5632-31-413<br \/>\nE-Mail: <a href=\"mailto:Nadine.Gaertig@h-hotels.com?subject=Spieletreff\">Nadine.Gaertig@h-hotels.com<\/a><\/p>\n<p>Weitere Infos zum Hotel finden Sie <a href=\"https:\/\/www.h-hotels.com\/de\/hplus\/hotels\/hplus-hotel-willingen\" target=\"_blank\" rel=\"noopener noreferrer\">hier<\/a>.<\/p>\n<p>Ansprechpartner f\u00fcr die Spiele (und wirklich nur f\u00fcr die Spiele) ist&nbsp;<a href=\"mailto:roy.burger@gmx.de?subject=Spieletreff%20Sauerland\">Roy Burger<\/a>.<\/p>\n<p>&nbsp;<\/p>\n","protected":false},"excerpt":{"rendered":"<p>Der 41. Spieletreff findet vom 13. bis 22. November 2026 statt, also wie immer von Freitag bis zum \u00fcbern\u00e4chsten Sonntag. Nat\u00fcrlich k\u00f6nnen Sie auch k\u00fcrzere Zeitr\u00e4ume buchen &#8211; oder fr\u00fcher an- und sp\u00e4ter abreisen, wenn Sie m\u00f6chten. Am Anreisetag k\u00f6nnen &hellip; <a href=\"http:\/\/www.kmws.de\/sauerland\/termine-und-preise\">Weiterlesen <span class=\"meta-nav\">&rarr;<\/span><\/a><\/p>\n","protected":false},"author":1,"featured_media":0,"parent":0,"menu_order":0,"comment_status":"closed","ping_status":"closed","template":"","meta":{"ngg_post_thumbnail":0,"footnotes":""},"_links":{"self":[{"href":"http:\/\/www.kmws.de\/sauerland\/wp-json\/wp\/v2\/pages\/8"}],"collection":[{"href":"http:\/\/www.kmws.de\/sauerland\/wp-json\/wp\/v2\/pages"}],"about":[{"href":"http:\/\/www.kmws.de\/sauerland\/wp-json\/wp\/v2\/types\/page"}],"author":[{"embeddable":true,"href":"http:\/\/www.kmws.de\/sauerland\/wp-json\/wp\/v2\/users\/1"}],"replies":[{"embeddable":true,"href":"http:\/\/www.kmws.de\/sauerland\/wp-json\/wp\/v2\/comments?post=8"}],"version-history":[{"count":43,"href":"http:\/\/www.kmws.de\/sauerland\/wp-json\/wp\/v2\/pages\/8\/revisions"}],"predecessor-version":[{"id":3740,"href":"http:\/\/www.kmws.de\/sauerland\/wp-json\/wp\/v2\/pages\/8\/revisions\/3740"}],"wp:attachment":[{"href":"http:\/\/www.kmws.de\/sauerland\/wp-json\/wp\/v2\/media?parent=8"}],"curies":[{"name":"wp","href":"https:\/\/api.w.org\/{rel}","templated":true}]}}