{"id":596,"date":"2016-11-23T17:15:47","date_gmt":"2016-11-23T16:15:47","guid":{"rendered":"http:\/\/www.kmws.de\/sauerland\/?page_id=596"},"modified":"2026-01-08T18:01:41","modified_gmt":"2026-01-08T17:01:41","slug":"fotogalerie","status":"publish","type":"page","link":"http:\/\/www.kmws.de\/sauerland\/fotogalerie","title":{"rendered":"Fotogalerie"},"content":{"rendered":"<p>W\u00e4hrend der Spieletreffs entstehen viele Fotos, damit Sie sehen, welche Spiele auf die Tische gekommen sind. Davon k\u00f6nnen wir nat\u00fcrlich nur eine kleine Auswahl zeigen. Und falls Sie die Mitspieler vermissen: Viele m\u00f6gen es nicht, wenn ihre Gesichter im Internet zu sehen sind, und weil wir uns nur selten merken k\u00f6nnen, wer einer Ver\u00f6ffentlichung zugestimmt hat, fotografieren wir seit ein paar Jahren nur noch das Spielmaterial. Klicken Sie auf die Links im Text und Sie bekommen die Fotogalerien auf den Bildschirm, klicken Sie auf das jeweilige Bild, wird es vergr\u00f6\u00dfert.<\/p>\n<p><strong>Hier die Spieltische vom<\/strong><\/p>\n<ul>\n<li><a href=\"https:\/\/www.kmws.de\/sauerland\/spieltische-2025\"><strong>40. Spieletreff 2025<\/strong><\/a><\/li>\n<li><a href=\"https:\/\/www.kmws.de\/sauerland\/spieltische-2024\"><strong>39. Spieletreff 2024<\/strong><\/a><\/li>\n<li><a href=\"https:\/\/www.kmws.de\/sauerland\/spieltische-2023\"><strong>38. Spieletreff 2023<\/strong><\/a><\/li>\n<li><a href=\"https:\/\/www.kmws.de\/sauerland\/spieltische-2022\"><strong>37. Spieletreff 2022<\/strong><\/a><\/li>\n<\/ul>\n<p><strong>Nachlese aus fr\u00fcheren Jahren<\/strong>:<\/p>\n<p>Beim <strong>36. Spieletreff 2021<\/strong> haben wir ebenfalls in zahlreichen unsortierten Fotos dokumentiert, was auf die <a href=\"http:\/\/www.kmws.de\/sauerland\/spieltische-2021\" target=\"_blank\" rel=\"noopener\"><strong>Spieltische<\/strong><\/a> kam. Da der Akku von KMWs Kamera unmittelbar vor der Anreise seine Funktion einstellte, musste das Handy f\u00fcr die Bilder ausreichen. Freundlicherweise haben uns auch <a href=\"http:\/\/www.kmws.de\/sauerland\/fotos-von-andreas-odendahl-ode\" target=\"_blank\" rel=\"noopener\"><strong>Andreas Odendahl (ode.)<\/strong><\/a>, <a href=\"http:\/\/www.kmws.de\/sauerland\/fotos-von-david-rosenberg\" target=\"_blank\" rel=\"noopener\"><strong>David Rosenberg<\/strong><\/a> und <a href=\"http:\/\/www.kmws.de\/sauerland\/fotos-von-thomas-conrad\" target=\"_blank\" rel=\"noopener\"><strong>Thomas Conrad<\/strong><\/a> ihre Bilder zur Verf\u00fcgung gestellt<\/p>\n<p>Auch die Bilder vom <strong>35. Spieletreff 2019<\/strong> haben wir wieder unterteilt nach <a href=\"http:\/\/www.kmws.de\/sauerland\/spieltische-2019\"><strong>Spieltischen<\/strong><\/a> (ohne Mitspieler) und <a href=\"http:\/\/www.kmws.de\/sauerland\/spielrunden-2019\"><strong>Spielrunden<\/strong><\/a>. Fotografiert haben Roy Burger und KMW.<\/p>\n<p>Fotos vom <strong>34. Spieletreff 2018:<\/strong>&nbsp;<a href=\"http:\/\/www.kmws.de\/sauerland\/spieltische-2018\"><strong>Spieltische<\/strong><\/a> (ohne Mitspieler) und <a href=\"http:\/\/www.kmws.de\/sauerland\/spielrunden-2018\"><strong>Spielrunden<\/strong><\/a>. Am Ende der Spielrunden finden Sie zwei Fotos von der <strong>Krimispielrunde<\/strong>. Diesmal wurde kein Fall aus der <strong>KRIMI total<\/strong> Serie gespielt, sondern &#8211; passend zum Anlass &#8211; <strong>&#8222;Ausgespielt&#8220;<\/strong> von <strong>Frosted Games<\/strong>.<\/p>\n<p>Fotos vom <a href=\"http:\/\/www.kmws.de\/sauerland\/spieletreff-2017\"><strong>33. Spieletreff 2017<\/strong><\/a>. Ganz am Ende der Galerie finden Sie ein Bild aus dem <strong>&#8222;Salon Rouge&#8220;<\/strong>, dem allj\u00e4hrlichen <strong>KRIMI total<\/strong> Abenteuer. Die Spielestapel in der Hotelhalle haben wir in einer <a href=\"http:\/\/www.kmws.de\/sauerland\/spielebestand-2017\"><strong>separaten Galerie<\/strong><\/a> dokumentiert.<\/p>\n<p>Fotos vom <strong><a href=\"http:\/\/www.kmws.de\/sauerland\/spieletreff-2016\">32. Spieletreff 2016<\/a><\/strong>. Die Aufnahmen stammen \u00fcberwiegend von KMW; einige Fotos hat uns dankenswerter Weise <strong>Lothar Kothe<\/strong> zur Verf\u00fcgung gestellt.&nbsp;Wie man unschwer erkennt, wurden nicht nur die neuesten, sondern auch einige \u00e4ltere Spiele-Perlen auf den Tisch gebracht, darunter besonders erw\u00e4hnenswert ein <strong>&#8222;Hotel Life&#8220;<\/strong> aus dem Jahr 1989. Und nat\u00fcrlich haben wir auch die Hippie-Kommune abgelichtet, die den Spieletreff mit ihrem &#8222;Hanf des Verderbens&#8220;, einem <strong>Krimi total<\/strong> Abenteuer, bereichert hat; die Fotos sehen Sie ganz am Ende auf der 4. Seite der Galerie.<\/p>\n<p>Auch <strong><a href=\"http:\/\/www.kmws.de\/sauerland\/fotos-von-matthias-bauer\">Matthias Bauer<\/a><\/strong> hat uns seine Fotos geschickt. Sie zeigen unter anderem das Spieleangebot im Hotel inklusive der &#8222;Neuheitens\u00e4ule&#8220; *), die zauberhafte Winterlandschaft zu Beginn des Spieletreffs, sowie einige Spieltische. Danke f\u00fcr die Fotos!<\/p>\n<p>*) Falls Sie sich \u00fcber die flachen Schachteln an der Neuheitens\u00e4ule wundern: Wegen unerfreulicher Erlebnisse im Jahr 2014 werden die Neuheiten nur noch mit Registrierung ausgegeben. Das Hotel-Team macht sich die M\u00fche, Vorder- und R\u00fcckseite s\u00e4mtlicher neuen Spieleschachteln zu fotokopieren und zusammenzukleben. Nur noch diese Fotokopien werden ausgelegt, das Spiel selbst wird dann von der Rezeption ausgegeben.<\/p>\n<p><a href=\"http:\/\/www.kmws.de\/sauerland\/fotos-von-mario-kock\"><strong>Mario Kock<\/strong><\/a> hat uns ebenfalls sehr viele und pers\u00f6nliche Fotos geschickt, von denen wir eine Auswahl getroffen haben. Sie zeigen unter anderem eine sehr intensive Partie <strong>Lift it!<\/strong>, eine Handvoll Helden, die sich auf den Weg gemacht haben, um Teil III der <strong>Legenden von Andor<\/strong> zu spielen, und ziemlich last, but not least die legend\u00e4re Partie <strong>Spanish Main<\/strong>, die seit mehr als 30 Jahren in Willingen gespielt wird.<\/p>\n<p><a href=\"http:\/\/www.kmws.de\/sauerland\/fotos-von-karin-dettlaff\"><strong>Karin Dettlaff<\/strong><\/a>, die 2016 zum ersten Mal beim Spieletreff war, hat uns jetzt ebenfalls eine Auswahl ihrer Fotos geschickt. Auch daf\u00fcr Danke sch\u00f6n!<\/p>\n<p>Fotos vom <strong><a href=\"http:\/\/www.kmws.de\/sauerland\/spieletreff-2015\">31. Spieletreff 2015<\/a><\/strong>. (aufgenommen von KMW).<\/p>\n<p>Die Fotos<strong> fr\u00fcherer Spieletreffs<\/strong> finden Sie unter dem Stichwort <a href=\"http:\/\/www.kmws.de\/sauerland\/archiv\">&#8222;<strong>Historie<\/strong>&#8222;<\/a>&nbsp;<\/p>\n","protected":false},"excerpt":{"rendered":"<p>W\u00e4hrend der Spieletreffs entstehen viele Fotos, damit Sie sehen, welche Spiele auf die Tische gekommen sind. Davon k\u00f6nnen wir nat\u00fcrlich nur eine kleine Auswahl zeigen. Und falls Sie die Mitspieler vermissen: Viele m\u00f6gen es nicht, wenn ihre Gesichter im Internet &hellip; <a href=\"http:\/\/www.kmws.de\/sauerland\/fotogalerie\">Weiterlesen <span class=\"meta-nav\">&rarr;<\/span><\/a><\/p>\n","protected":false},"author":1,"featured_media":0,"parent":0,"menu_order":0,"comment_status":"closed","ping_status":"closed","template":"","meta":{"ngg_post_thumbnail":0,"footnotes":""},"_links":{"self":[{"href":"http:\/\/www.kmws.de\/sauerland\/wp-json\/wp\/v2\/pages\/596"}],"collection":[{"href":"http:\/\/www.kmws.de\/sauerland\/wp-json\/wp\/v2\/pages"}],"about":[{"href":"http:\/\/www.kmws.de\/sauerland\/wp-json\/wp\/v2\/types\/page"}],"author":[{"embeddable":true,"href":"http:\/\/www.kmws.de\/sauerland\/wp-json\/wp\/v2\/users\/1"}],"replies":[{"embeddable":true,"href":"http:\/\/www.kmws.de\/sauerland\/wp-json\/wp\/v2\/comments?post=596"}],"version-history":[{"count":20,"href":"http:\/\/www.kmws.de\/sauerland\/wp-json\/wp\/v2\/pages\/596\/revisions"}],"predecessor-version":[{"id":3925,"href":"http:\/\/www.kmws.de\/sauerland\/wp-json\/wp\/v2\/pages\/596\/revisions\/3925"}],"wp:attachment":[{"href":"http:\/\/www.kmws.de\/sauerland\/wp-json\/wp\/v2\/media?parent=596"}],"curies":[{"name":"wp","href":"https:\/\/api.w.org\/{rel}","templated":true}]}}