{"id":429,"date":"2015-11-22T12:26:18","date_gmt":"2015-11-22T11:26:18","guid":{"rendered":"http:\/\/www.kmws.de\/sauerland\/?page_id=429"},"modified":"2015-11-22T12:28:24","modified_gmt":"2015-11-22T11:28:24","slug":"raetselloesung-2015","status":"publish","type":"page","link":"http:\/\/www.kmws.de\/sauerland\/raetselloesung-2015","title":{"rendered":"R\u00e4tsell\u00f6sung 2015"},"content":{"rendered":"<p>Hier die Aufl\u00f6sung des G\u00e4ster\u00e4tsels 2015:<\/p>\n<p>1. LOVE LETTER<br \/>\n2. QUEEN&#8217;s ARCHITECT<br \/>\n3. PANDEMIE<br \/>\n4. ORL\u00c9ANS<br \/>\n5. ZUG UM ZUG SCHWEIZ (Ticket to Ride Switzerland)<br \/>\n6. TZOLK&#8217;IN \u2013 DER MAYA KALENDER<br \/>\n7. MEXICA (Neuauflage) *)<br \/>\n8. CACAO<br \/>\n9. DIE LEGENDEN VON ANDOR \u2013 CHADA &amp; THORN<br \/>\n10. GRAND AUSTRIA HOTEL<br \/>\n11. CAVERNA: DIE H\u00d6HLENBAUERN<br \/>\n12. NATIONS<br \/>\n13. LE HAVRE<br \/>\n14. ISTANBUL<br \/>\n15. RUMMS<\/p>\n<p>*) Auf dem L\u00f6sungsbogen, den ich im Hotel hinterlassen hatte, stand f\u00fcr Bild 7 &#8222;TIKAL&#8220;. Ich bitte um Entschuldigung f\u00fcr diesen Fehler. Keine Ahnung, warum er mir unterlaufen ist, denn das Bild selbst hatte den Dateinamen mexica.jpg.<\/p>\n","protected":false},"excerpt":{"rendered":"<p>Hier die Aufl\u00f6sung des G\u00e4ster\u00e4tsels 2015: 1. LOVE LETTER 2. QUEEN&#8217;s ARCHITECT 3. PANDEMIE 4. ORL\u00c9ANS 5. ZUG UM ZUG SCHWEIZ (Ticket to Ride Switzerland) 6. TZOLK&#8217;IN \u2013 DER MAYA KALENDER 7. MEXICA (Neuauflage) *) 8. CACAO 9. DIE LEGENDEN &hellip; <a href=\"http:\/\/www.kmws.de\/sauerland\/raetselloesung-2015\">Weiterlesen <span class=\"meta-nav\">&rarr;<\/span><\/a><\/p>\n","protected":false},"author":3,"featured_media":0,"parent":0,"menu_order":0,"comment_status":"closed","ping_status":"closed","template":"","meta":{"ngg_post_thumbnail":0,"footnotes":""},"_links":{"self":[{"href":"http:\/\/www.kmws.de\/sauerland\/wp-json\/wp\/v2\/pages\/429"}],"collection":[{"href":"http:\/\/www.kmws.de\/sauerland\/wp-json\/wp\/v2\/pages"}],"about":[{"href":"http:\/\/www.kmws.de\/sauerland\/wp-json\/wp\/v2\/types\/page"}],"author":[{"embeddable":true,"href":"http:\/\/www.kmws.de\/sauerland\/wp-json\/wp\/v2\/users\/3"}],"replies":[{"embeddable":true,"href":"http:\/\/www.kmws.de\/sauerland\/wp-json\/wp\/v2\/comments?post=429"}],"version-history":[{"count":3,"href":"http:\/\/www.kmws.de\/sauerland\/wp-json\/wp\/v2\/pages\/429\/revisions"}],"predecessor-version":[{"id":432,"href":"http:\/\/www.kmws.de\/sauerland\/wp-json\/wp\/v2\/pages\/429\/revisions\/432"}],"wp:attachment":[{"href":"http:\/\/www.kmws.de\/sauerland\/wp-json\/wp\/v2\/media?parent=429"}],"curies":[{"name":"wp","href":"https:\/\/api.w.org\/{rel}","templated":true}]}}