{"id":37,"date":"2015-10-16T10:57:35","date_gmt":"2015-10-16T08:57:35","guid":{"rendered":"http:\/\/www.kmws.de\/sauerland\/?page_id=37"},"modified":"2016-04-04T13:24:50","modified_gmt":"2016-04-04T11:24:50","slug":"das-hotel","status":"publish","type":"page","link":"http:\/\/www.kmws.de\/sauerland\/das-hotel","title":{"rendered":"Das Hotel"},"content":{"rendered":"<p>Die Voraussetzungen, die das H+ Hotel Willingen bietet, sind f\u00fcr Familien geradezu ideal. Wenn einer der Partner keine Lust zum Spielen hat,\u00a0findet er ausreichend Abwechslung in der\u00a0<b>Bade- &amp; Entspannungsoase mit Indoorpool, finnischer Sauna, Infrarot-W\u00e4rmekabine\u00a0<\/b>und<b>\u00a0Dampf- und R\u00f6merbad<\/b>.\u00a0Die wundersch\u00f6ne Landschaft des Hochsauerlands bietet <b>kilometerlange Wanderwege<\/b>. Und Kinder sollten ihre Schlitten (und Erwachsene ihre Skier) mitnehmen, denn oft genug f\u00e4llt p\u00fcnktlich zum Spiele-Treff so viel Schnee vom Himmel, dass Wintersport angesagt ist.<\/p>\n<p>Das im Landhausstil erbaute Hotel bietet in seinen mehr als 100 mit Bad\/WC\/Haartrockner, Flatscreen-TV, Durchwahltelefon, K\u00fcchenecke und Balkon oder Terrasse ausgestatteten Appartements gro\u00dfen Wohnkomfort f\u00fcr 1 bis 4 Personen. In der Vergangenheit wurde es mehrfach f\u00fcr seine Familienfreundlichkeit ausgezeichnet.<\/p>\n<p>Gespielt wird\u00a0\u00fcberall, wo sich ein Tisch und entsprechend viele Sitzgelegenheiten finden. Vorzugsweise in den gro\u00dfen, hellen Konferenzr\u00e4umen im 2. Untergeschoss, aber auch im Restaurant, im Bistro an der Tagesbar, in den kleinen Konferenzr\u00e4umen im Erdgeschoss oder auf den Zimmern. Die Spieler belegen in der Novemberwoche meist alle Appartements des Hotels. Das Personal hat sich l\u00e4ngst auf diese besondere Klientel &#8211; die zwar keine Sperrstunde kennt, sich aber daf\u00fcr auch nicht exzessiv dem Alkohol hingibt &#8211; eingestellt. Und manche von ihnen haben inzwischen selbst Spa\u00df am Spielen gefunden. Die Atmosph\u00e4re ist fast famili\u00e4r. Legend\u00e4r sind die Worte, mit denen ein Spieler nach der Anreise die Hotelhalle betrat:\u00a0<strong>&#8222;Endlich wieder zu Hause!&#8220;<\/strong><\/p>\n<p>&nbsp;<\/p>\n<p>.<\/p>\n","protected":false},"excerpt":{"rendered":"<p>Die Voraussetzungen, die das H+ Hotel Willingen bietet, sind f\u00fcr Familien geradezu ideal. Wenn einer der Partner keine Lust zum Spielen hat,\u00a0findet er ausreichend Abwechslung in der\u00a0Bade- &amp; Entspannungsoase mit Indoorpool, finnischer Sauna, Infrarot-W\u00e4rmekabine\u00a0und\u00a0Dampf- und R\u00f6merbad.\u00a0Die wundersch\u00f6ne Landschaft des Hochsauerlands &hellip; <a href=\"http:\/\/www.kmws.de\/sauerland\/das-hotel\">Weiterlesen <span class=\"meta-nav\">&rarr;<\/span><\/a><\/p>\n","protected":false},"author":1,"featured_media":0,"parent":0,"menu_order":0,"comment_status":"closed","ping_status":"closed","template":"","meta":{"ngg_post_thumbnail":0,"footnotes":""},"_links":{"self":[{"href":"http:\/\/www.kmws.de\/sauerland\/wp-json\/wp\/v2\/pages\/37"}],"collection":[{"href":"http:\/\/www.kmws.de\/sauerland\/wp-json\/wp\/v2\/pages"}],"about":[{"href":"http:\/\/www.kmws.de\/sauerland\/wp-json\/wp\/v2\/types\/page"}],"author":[{"embeddable":true,"href":"http:\/\/www.kmws.de\/sauerland\/wp-json\/wp\/v2\/users\/1"}],"replies":[{"embeddable":true,"href":"http:\/\/www.kmws.de\/sauerland\/wp-json\/wp\/v2\/comments?post=37"}],"version-history":[{"count":4,"href":"http:\/\/www.kmws.de\/sauerland\/wp-json\/wp\/v2\/pages\/37\/revisions"}],"predecessor-version":[{"id":458,"href":"http:\/\/www.kmws.de\/sauerland\/wp-json\/wp\/v2\/pages\/37\/revisions\/458"}],"wp:attachment":[{"href":"http:\/\/www.kmws.de\/sauerland\/wp-json\/wp\/v2\/media?parent=37"}],"curies":[{"name":"wp","href":"https:\/\/api.w.org\/{rel}","templated":true}]}}