{"id":2057,"date":"2018-12-02T13:24:04","date_gmt":"2018-12-02T12:24:04","guid":{"rendered":"http:\/\/www.kmws.de\/sauerland\/?page_id=2057"},"modified":"2026-01-09T09:25:12","modified_gmt":"2026-01-09T08:25:12","slug":"presse","status":"publish","type":"page","link":"http:\/\/www.kmws.de\/sauerland\/presse","title":{"rendered":"Presse"},"content":{"rendered":"<p>Im Lauf der Jahrzehnte hat sich die lokale, aber auch die \u00fcberregionale und die Fachpresse immer wieder f\u00fcr den Spieletreff interessiert. Ein Klick auf die Bilder und Sie k\u00f6nnen lesen, was in der Zeitung stand.<\/p>\n<p><a href=\"http:\/\/www.kmws.de\/sauerland\/wp-content\/uploads\/2026\/01\/WLZ_20251121.jpg\"><img loading=\"lazy\" decoding=\"async\" class=\"size-medium wp-image-3945 alignright\" src=\"http:\/\/www.kmws.de\/sauerland\/wp-content\/uploads\/2026\/01\/WLZ_20251121-300x286.jpg\" alt=\"\" width=\"300\" height=\"286\" srcset=\"http:\/\/www.kmws.de\/sauerland\/wp-content\/uploads\/2026\/01\/WLZ_20251121-300x286.jpg 300w, http:\/\/www.kmws.de\/sauerland\/wp-content\/uploads\/2026\/01\/WLZ_20251121-1024x975.jpg 1024w, http:\/\/www.kmws.de\/sauerland\/wp-content\/uploads\/2026\/01\/WLZ_20251121-768x732.jpg 768w, http:\/\/www.kmws.de\/sauerland\/wp-content\/uploads\/2026\/01\/WLZ_20251121-1536x1463.jpg 1536w, http:\/\/www.kmws.de\/sauerland\/wp-content\/uploads\/2026\/01\/WLZ_20251121.jpg 2005w\" sizes=\"(max-width: 300px) 100vw, 300px\" \/><\/a>Am 21.11.2025 berichtete die <a href=\"https:\/\/www.wlz-online.de\" target=\"_blank\" rel=\"noopener\"><strong>WLZ<\/strong><\/a> ausf\u00fchrlich \u00fcber den <strong>40. Spieletreff<\/strong> und versammelte die G\u00e4ste ein weiteres Mal auf einem Gruppenfoto.<\/p>\n<p><a href=\"http:\/\/www.kmws.de\/sauerland\/wp-content\/uploads\/2018\/12\/presse20141.png\"><img loading=\"lazy\" decoding=\"async\" class=\"size-medium wp-image-2056 alignright\" src=\"http:\/\/www.kmws.de\/sauerland\/wp-content\/uploads\/2018\/12\/presse20141-300x206.png\" alt=\"\" width=\"300\" height=\"206\" srcset=\"http:\/\/www.kmws.de\/sauerland\/wp-content\/uploads\/2018\/12\/presse20141-300x206.png 300w, http:\/\/www.kmws.de\/sauerland\/wp-content\/uploads\/2018\/12\/presse20141-768x527.png 768w, http:\/\/www.kmws.de\/sauerland\/wp-content\/uploads\/2018\/12\/presse20141-1024x703.png 1024w, http:\/\/www.kmws.de\/sauerland\/wp-content\/uploads\/2018\/12\/presse20141-980x673.png 980w\" sizes=\"(max-width: 300px) 100vw, 300px\" \/><\/a><\/p>\n<p>&nbsp;<\/p>\n<p>&nbsp;<\/p>\n<p>&nbsp;<\/p>\n<p>&nbsp;<\/p>\n<p>Zum Jubil\u00e4um berichtete die <a href=\"https:\/\/www.wlz-online.de\/\" target=\"_blank\" rel=\"noopener\"><strong>Waldeckische Landeszeitung<\/strong><\/a> am 22.11.2014 \u00fcber den <strong>30. Spieletreff<\/strong> und versammelte langj\u00e4hrige G\u00e4ste auf einem Gruppenfoto.<\/p>\n<p>Ein vortrefflicher Artikel \u00fcber den 27. Spieletreff fand sich am 7. Dezember 2011 im&nbsp;<b>K\u00f6lner Stadtanzeiger<\/b>. Der Link ist leider nicht mehr verf\u00fcgbar.<\/p>\n<p>&#8222;Hotelg\u00e4ste im Spielrausch&#8220; meldete die <strong>Allgemeine Hotel- und Gastronomie-Zeitung<\/strong> (AHGZ) am 28. Mai 2011. Um den vollst\u00e4ndigen Artikel von Sebastian Wenzel lesen zu k\u00f6nnen, m\u00fcssen Sie sich auf der <a href=\"https:\/\/www.ahgz.de\/konzepte-und-management\/hotelgaeste-im-spielrausch,200012186427.html\" target=\"_blank\" rel=\"noopener\"><strong>AHGZ-Website<\/strong><\/a> kostenlos registrieren.<br \/>\n<br clear=\"all\"><a href=\"http:\/\/www.kmws.de\/sauerland\/wp-content\/uploads\/2018\/12\/presse20101.png\"><img loading=\"lazy\" decoding=\"async\" class=\"size-medium wp-image-2051 alignright\" src=\"http:\/\/www.kmws.de\/sauerland\/wp-content\/uploads\/2018\/12\/presse20101-300x133.png\" alt=\"\" width=\"300\" height=\"133\" srcset=\"http:\/\/www.kmws.de\/sauerland\/wp-content\/uploads\/2018\/12\/presse20101-300x133.png 300w, http:\/\/www.kmws.de\/sauerland\/wp-content\/uploads\/2018\/12\/presse20101-768x341.png 768w, http:\/\/www.kmws.de\/sauerland\/wp-content\/uploads\/2018\/12\/presse20101.png 800w\" sizes=\"(max-width: 300px) 100vw, 300px\" \/><\/a>Der 26. Spieletreff wurde in den lokalen Medien gew\u00fcrdigt. Die&nbsp;<b><a href=\"https:\/\/www.wlz-online.de\" target=\"_blank\" rel=\"noopener\">Waldeckische Landeszeitung<\/a>&nbsp;<\/b>berichtete am 18.11.2010&#8230;<\/p>\n<p>&nbsp;<\/p>\n<p>&nbsp;<\/p>\n<p>&nbsp;<\/p>\n<p><a href=\"http:\/\/www.kmws.de\/sauerland\/wp-content\/uploads\/2018\/12\/presse20103.png\"><img loading=\"lazy\" decoding=\"async\" class=\"size-medium wp-image-2053 alignright\" src=\"http:\/\/www.kmws.de\/sauerland\/wp-content\/uploads\/2018\/12\/presse20103-241x300.png\" alt=\"\" width=\"241\" height=\"300\" srcset=\"http:\/\/www.kmws.de\/sauerland\/wp-content\/uploads\/2018\/12\/presse20103-241x300.png 241w, http:\/\/www.kmws.de\/sauerland\/wp-content\/uploads\/2018\/12\/presse20103.png 482w\" sizes=\"(max-width: 241px) 100vw, 241px\" \/><\/a>&#8230;und der&nbsp;<a href=\"https:\/\/www.sauerlandkurier.de\/\" target=\"_blank\" rel=\"noopener\"><b>SauerlandKurier<\/b><\/a>&nbsp;am 21.11.2010 auf zwei Seiten \u00fcber das &#8222;Mekka f\u00fcr Spielefans&#8220; in Usseln.<\/p>\n<p><a href=\"http:\/\/www.kmws.de\/sauerland\/wp-content\/uploads\/2018\/12\/presse20102.png\"><img loading=\"lazy\" decoding=\"async\" class=\"size-medium wp-image-2052 alignleft\" src=\"http:\/\/www.kmws.de\/sauerland\/wp-content\/uploads\/2018\/12\/presse20102-184x300.png\" alt=\"\" width=\"184\" height=\"300\" srcset=\"http:\/\/www.kmws.de\/sauerland\/wp-content\/uploads\/2018\/12\/presse20102-184x300.png 184w, http:\/\/www.kmws.de\/sauerland\/wp-content\/uploads\/2018\/12\/presse20102.png 368w\" sizes=\"(max-width: 184px) 100vw, 184px\" \/><\/a><\/p>\n<p>&nbsp;<\/p>\n<p><br clear=\"all\">Auch \u00fcber den <strong>23. Spieletreff 2007<\/strong> hatten beide Zeitungen berichtet. Nur der Beitrag im <a href=\"https:\/\/www.sauerlandkurier.de\/hochsauerlandkreis\/willingen\/monte-casino-seit-jahren-mitten-usseln-5816442.html\" target=\"_blank\" rel=\"noopener\"><strong>SauerlandKurier<\/strong><\/a> ist heute noch online.<\/p>\n<p><a href=\"http:\/\/www.kmws.de\/sauerland\/wp-content\/uploads\/2018\/12\/presse20045.png\"><img loading=\"lazy\" decoding=\"async\" class=\"size-medium wp-image-2049 alignright\" src=\"http:\/\/www.kmws.de\/sauerland\/wp-content\/uploads\/2018\/12\/presse20045-212x300.png\" alt=\"\" width=\"212\" height=\"300\" srcset=\"http:\/\/www.kmws.de\/sauerland\/wp-content\/uploads\/2018\/12\/presse20045-212x300.png 212w, http:\/\/www.kmws.de\/sauerland\/wp-content\/uploads\/2018\/12\/presse20045-768x1087.png 768w, http:\/\/www.kmws.de\/sauerland\/wp-content\/uploads\/2018\/12\/presse20045-724x1024.png 724w, http:\/\/www.kmws.de\/sauerland\/wp-content\/uploads\/2018\/12\/presse20045-980x1387.png 980w\" sizes=\"(max-width: 212px) 100vw, 212px\" \/><\/a>Die <strong>spielbox<\/strong> hatte dem ersten Jubil\u00e4umstreff im Jahr 2004 [498 KB] einen Artikel gewidmet.<\/p>\n<p><br clear=\"all\"><a href=\"http:\/\/www.kmws.de\/sauerland\/wp-content\/uploads\/2018\/12\/presse20041.png\"><img loading=\"lazy\" decoding=\"async\" class=\"size-medium wp-image-2045 alignright\" src=\"http:\/\/www.kmws.de\/sauerland\/wp-content\/uploads\/2018\/12\/presse20041-300x141.png\" alt=\"\" width=\"300\" height=\"141\" srcset=\"http:\/\/www.kmws.de\/sauerland\/wp-content\/uploads\/2018\/12\/presse20041-300x141.png 300w, http:\/\/www.kmws.de\/sauerland\/wp-content\/uploads\/2018\/12\/presse20041-768x362.png 768w, http:\/\/www.kmws.de\/sauerland\/wp-content\/uploads\/2018\/12\/presse20041-1024x482.png 1024w, http:\/\/www.kmws.de\/sauerland\/wp-content\/uploads\/2018\/12\/presse20041-980x461.png 980w, http:\/\/www.kmws.de\/sauerland\/wp-content\/uploads\/2018\/12\/presse20041.png 1200w\" sizes=\"(max-width: 300px) 100vw, 300px\" \/><\/a>Auch fr\u00fcher schon hatte sich die \u00f6rtliche Presse f\u00fcr das merkw\u00fcrdige Volk interessiert, das sich da Jahr f\u00fcr Jahr in Willingen-Usseln einquartiert, um zu spielen. Neben den in der Bildunterschrift genannten sind hier zu sehen (von links hinten nach rechts vorn):<br \/>\nStefan Ducksch (Jury Spiel des Jahres), Joe Nikisch (ABACUSSPIELE), Uwe M\u00f6lter (Amigo Spiel + Freizeit) , KMW, Edith Grein-B\u00f6ttcher (Spieleautorin), Jens Dr\u00f6gem\u00fcller (Spieleautor), Peter Eggert (Eggertspiele), Dirk Henn (db-Spiele), Dorothee He\u00df (Jury Spiel des Jahres), Heinrich Glumpler (Edition Erlk\u00f6nig), Rudi RAMADA.<br \/>\n<br clear=\"all\"><a href=\"http:\/\/www.kmws.de\/sauerland\/wp-content\/uploads\/2018\/12\/presse20043.png\"><img loading=\"lazy\" decoding=\"async\" class=\"size-medium wp-image-2047 alignright\" src=\"http:\/\/www.kmws.de\/sauerland\/wp-content\/uploads\/2018\/12\/presse20043-60x300.png\" alt=\"\" width=\"60\" height=\"300\" srcset=\"http:\/\/www.kmws.de\/sauerland\/wp-content\/uploads\/2018\/12\/presse20043-60x300.png 60w, http:\/\/www.kmws.de\/sauerland\/wp-content\/uploads\/2018\/12\/presse20043-204x1024.png 204w, http:\/\/www.kmws.de\/sauerland\/wp-content\/uploads\/2018\/12\/presse20043.png 239w\" sizes=\"(max-width: 60px) 100vw, 60px\" \/><\/a><strong>Bernd Henry<\/strong>, lange Jahre Verkaufsleiter des Hotels, hat den ersten Spieletreff als Nachtportier erlebt.<\/p>\n<p>&nbsp;<\/p>\n<p><a href=\"http:\/\/www.kmws.de\/sauerland\/wp-content\/uploads\/2018\/12\/presse20044.png\"><img loading=\"lazy\" decoding=\"async\" class=\"size-medium wp-image-2048 alignright\" src=\"http:\/\/www.kmws.de\/sauerland\/wp-content\/uploads\/2018\/12\/presse20044-300x186.png\" alt=\"\" width=\"300\" height=\"186\" srcset=\"http:\/\/www.kmws.de\/sauerland\/wp-content\/uploads\/2018\/12\/presse20044-300x186.png 300w, http:\/\/www.kmws.de\/sauerland\/wp-content\/uploads\/2018\/12\/presse20044-768x475.png 768w, http:\/\/www.kmws.de\/sauerland\/wp-content\/uploads\/2018\/12\/presse20044.png 800w\" sizes=\"(max-width: 300px) 100vw, 300px\" \/><\/a>F\u00fcr die Presse unterbrachen sie sogar ihre Partie und pr\u00e4sentierten sich in eisiger K\u00e4lte.<\/p>\n<p><br clear=\"all\"><a href=\"http:\/\/www.kmws.de\/sauerland\/wp-content\/uploads\/2018\/12\/presse19861.png\"><img loading=\"lazy\" decoding=\"async\" class=\"size-medium wp-image-2044 alignright\" src=\"http:\/\/www.kmws.de\/sauerland\/wp-content\/uploads\/2018\/12\/presse19861-221x300.png\" alt=\"\" width=\"221\" height=\"300\" srcset=\"http:\/\/www.kmws.de\/sauerland\/wp-content\/uploads\/2018\/12\/presse19861-221x300.png 221w, http:\/\/www.kmws.de\/sauerland\/wp-content\/uploads\/2018\/12\/presse19861-768x1045.png 768w, http:\/\/www.kmws.de\/sauerland\/wp-content\/uploads\/2018\/12\/presse19861-753x1024.png 753w, http:\/\/www.kmws.de\/sauerland\/wp-content\/uploads\/2018\/12\/presse19861.png 882w\" sizes=\"(max-width: 221px) 100vw, 221px\" \/><\/a><br \/>\nSchon 1986 interessierte sich die Presse f\u00fcr den Spieletreff. Auf dem gro\u00dfen Foto zu sehen: <strong>J\u00fcrgen Hagedorn<\/strong> (links im Bild), damals Chef des legend\u00e4ren Verlags <strong>Hexagames<\/strong>.<\/p>\n","protected":false},"excerpt":{"rendered":"<p>Im Lauf der Jahrzehnte hat sich die lokale, aber auch die \u00fcberregionale und die Fachpresse immer wieder f\u00fcr den Spieletreff interessiert. Ein Klick auf die Bilder und Sie k\u00f6nnen lesen, was in der Zeitung stand. Am 21.11.2025 berichtete die WLZ &hellip; <a href=\"http:\/\/www.kmws.de\/sauerland\/presse\">Weiterlesen <span class=\"meta-nav\">&rarr;<\/span><\/a><\/p>\n","protected":false},"author":1,"featured_media":0,"parent":0,"menu_order":0,"comment_status":"closed","ping_status":"closed","template":"","meta":{"ngg_post_thumbnail":0,"footnotes":""},"_links":{"self":[{"href":"http:\/\/www.kmws.de\/sauerland\/wp-json\/wp\/v2\/pages\/2057"}],"collection":[{"href":"http:\/\/www.kmws.de\/sauerland\/wp-json\/wp\/v2\/pages"}],"about":[{"href":"http:\/\/www.kmws.de\/sauerland\/wp-json\/wp\/v2\/types\/page"}],"author":[{"embeddable":true,"href":"http:\/\/www.kmws.de\/sauerland\/wp-json\/wp\/v2\/users\/1"}],"replies":[{"embeddable":true,"href":"http:\/\/www.kmws.de\/sauerland\/wp-json\/wp\/v2\/comments?post=2057"}],"version-history":[{"count":18,"href":"http:\/\/www.kmws.de\/sauerland\/wp-json\/wp\/v2\/pages\/2057\/revisions"}],"predecessor-version":[{"id":3948,"href":"http:\/\/www.kmws.de\/sauerland\/wp-json\/wp\/v2\/pages\/2057\/revisions\/3948"}],"wp:attachment":[{"href":"http:\/\/www.kmws.de\/sauerland\/wp-json\/wp\/v2\/media?parent=2057"}],"curies":[{"name":"wp","href":"https:\/\/api.w.org\/{rel}","templated":true}]}}