{"id":2,"date":"2015-10-13T19:02:41","date_gmt":"2015-10-13T17:02:41","guid":{"rendered":"http:\/\/www.kmws.de\/sauerland\/?page_id=2"},"modified":"2025-10-01T14:21:27","modified_gmt":"2025-10-01T12:21:27","slug":"beispiel-seite","status":"publish","type":"page","link":"http:\/\/www.kmws.de\/sauerland\/","title":{"rendered":"Ein ganzes Hotel zum Mitspielen"},"content":{"rendered":"<p>Neueste Infos finden Sie unter <strong><a href=\"http:\/\/www.kmws.de\/sauerland\/category\/aktuelles\">&#8222;Aktuelles&#8220;<\/a> <\/strong>und auf unserer <strong><a href=\"https:\/\/www.facebook.com\/groups\/107311656001787\/\" target=\"_blank\" rel=\"noopener\">Facebook-Seite.<\/a><\/strong><\/p>\n<p>Es begann 1985 mit einem Wochenende. Um Spielern zu einem g\u00fcnstigen Preis die M\u00f6glichkeit zu bieten, einmal ungest\u00f6rt und ohne Blick auf die Uhr (&#8222;wann f\u00e4hrt der letzte Bus?&#8220;) mit Freunden zu spielen, organisierte die Hotelleitung ein Spiele-Wochenende &#8211; auch mit dem Hintergedanken, das Buchungsgesch\u00e4ft&nbsp;im tristen&nbsp;November zu verbessern.&nbsp;Zum ersten Spieletreff reiste ein halbes Hundert G\u00e4ste an. Sie waren so begeistert, da\u00df sich die Zahl allein durch Mundpropaganda beim zweiten Treff verdoppelt hatte. Wer Pech hatte und zu sp\u00e4t buchte, landete beim dritten Treff bereits auf einer Warteliste.<\/p>\n<p><a href=\"http:\/\/www.kmws.de\/sauerland\/wp-content\/uploads\/2025\/09\/Spieletreff-Cover40.jpg\"><img loading=\"lazy\" decoding=\"async\" class=\"aligncenter\" src=\"http:\/\/www.kmws.de\/sauerland\/wp-content\/uploads\/2025\/09\/Spieletreff-Cover40-300x223.jpg\" alt=\"Das Hotel\" width=\"300\" height=\"223\"><\/a><\/p>\n<p>Schon bald gen\u00fcgte vielen das Wochenende nicht mehr und sie dehnten ihren Aufenthalt bis zum Bu\u00df- und Bettag &#8211; damals noch ein Feiertag &#8211; aus. Und selbst das war manchen zu wenig: Sie blieben eine ganze Woche. Zum 25. Jubil\u00e4um schlie\u00dflich dehnte das Hotel den Spieletreff auf 10 Tage aus, auch um die wachsende Warteliste abzubauen, und in der Hoffnung, dass ein Teil der G\u00e4ste das erste Wochenende, ein anderer Teil das zweite Wochenende buchen w\u00fcrde. Tats\u00e4chlich aber nutzen manche Spieler die vollen zehn Tage aus, um ihrer Leidenschaft nachzugehen.<\/p>\n<p>Auf diesen Seiten erfahren Sie mehr \u00fcber den <strong>\u00e4ltesten und gr\u00f6\u00dften Spieletreff<\/strong>. Die <strong><a href=\"http:\/\/www.kmws.de\/sauerland\/fotogalerie\">Fotogalerie<\/a><\/strong> vermittelt Ihnen bessere Eindr\u00fccke als Worte das verm\u00f6gen. Welche Spiele im Hotel vorr\u00e4tig sind (oder waren), lesen Sie unter dem Stichwort <strong><a href=\"http:\/\/www.kmws.de\/sauerland\/category\/unserespiele\">&#8222;Unsere Spiele&#8220;<\/a><\/strong>.<\/p>\n","protected":false},"excerpt":{"rendered":"<p>Neueste Infos finden Sie unter &#8222;Aktuelles&#8220; und auf unserer Facebook-Seite. Es begann 1985 mit einem Wochenende. Um Spielern zu einem g\u00fcnstigen Preis die M\u00f6glichkeit zu bieten, einmal ungest\u00f6rt und ohne Blick auf die Uhr (&#8222;wann f\u00e4hrt der letzte Bus?&#8220;) mit &hellip; <a href=\"http:\/\/www.kmws.de\/sauerland\/\">Weiterlesen <span class=\"meta-nav\">&rarr;<\/span><\/a><\/p>\n","protected":false},"author":1,"featured_media":0,"parent":0,"menu_order":0,"comment_status":"closed","ping_status":"open","template":"","meta":{"ngg_post_thumbnail":0,"footnotes":""},"_links":{"self":[{"href":"http:\/\/www.kmws.de\/sauerland\/wp-json\/wp\/v2\/pages\/2"}],"collection":[{"href":"http:\/\/www.kmws.de\/sauerland\/wp-json\/wp\/v2\/pages"}],"about":[{"href":"http:\/\/www.kmws.de\/sauerland\/wp-json\/wp\/v2\/types\/page"}],"author":[{"embeddable":true,"href":"http:\/\/www.kmws.de\/sauerland\/wp-json\/wp\/v2\/users\/1"}],"replies":[{"embeddable":true,"href":"http:\/\/www.kmws.de\/sauerland\/wp-json\/wp\/v2\/comments?post=2"}],"version-history":[{"count":32,"href":"http:\/\/www.kmws.de\/sauerland\/wp-json\/wp\/v2\/pages\/2\/revisions"}],"predecessor-version":[{"id":3676,"href":"http:\/\/www.kmws.de\/sauerland\/wp-json\/wp\/v2\/pages\/2\/revisions\/3676"}],"wp:attachment":[{"href":"http:\/\/www.kmws.de\/sauerland\/wp-json\/wp\/v2\/media?parent=2"}],"curies":[{"name":"wp","href":"https:\/\/api.w.org\/{rel}","templated":true}]}}